{"id":2039,"date":"2011-11-16T08:17:12","date_gmt":"2011-11-16T06:17:12","guid":{"rendered":"https:\/\/gounaropoulos.gr\/?post_type=exhibitions&#038;p=2039"},"modified":"2021-10-09T15:05:13","modified_gmt":"2021-10-09T12:05:13","slug":"100-ans-depuis-la-naissance-de-stratis-tsirkas","status":"publish","type":"exhibitions","link":"https:\/\/gounaropoulos.gr\/fr\/exhibitions\/100-ans-depuis-la-naissance-de-stratis-tsirkas\/","title":{"rendered":"100 ans depuis la naissance de Stratis Tsirkas"},"content":{"rendered":"\n<p><strong><em>Cit\u00e9s \u00e0 la d\u00e9rive<\/em><\/strong><\/p>\n\n\n\n<p>Une exposition d&rsquo;estampes contemporaines par les \u00e9tudiants du 2e atelier des estampes de l&rsquo;\u00c9cole des Beaux-Arts d&rsquo;Ath\u00e8nes. Les \u0153uvres sont inspir\u00e9es par la trilogie <em>Cit\u00e9s \u00e0 la d\u00e9rive<\/em> de l&rsquo;\u00e9crivain grec Stratis Tsirkas (1911-1980). <\/p>\n\n\n\n<p>L&rsquo;exposition pr\u00e9sente 50 estampes r\u00e9alis\u00e9es suivant des techniques traditionnelles, aussit\u00f4t que modernes. Les \u0153uvres fonctionnent sur plusieurs niveaux et expriment les inqui\u00e9tudes de l&rsquo;\u00e9crivain en ce qui concerne la soci\u00e9t\u00e9, la politique et l&rsquo;histoire dans un contexte humanitaire.<\/p>\n\n\n\n<p>Artistes:<br>Christos Angelopoulos, Argyro Vassilakou, Konstantina Georga, Canuto Kallan, Vicky Kolipetsa, Ioanna Lianou, Fay Mitsani, Polytimi Benaki, Marina Provatidou, Dimitris Spanopoulos, Marilena Synodinou, Eleni Tsaldiri, Michel Falkonis, Panagiotis Feredinos, Myrto Feredinou, Sylvia Fessa<\/p>\n\n\n\n<p>Professeure responsable: Vicky Tsalamata, Directrice du 2e atelier et de la section des estampes de l&rsquo;\u00c9cole des Beaux-Arts d&rsquo;Ath\u00e8nes<br>Commissaire de l&rsquo;exposition: Dionissia Giakoumi, historienne de l\u2019art &#8211; conservatrice, Mus\u00e9e G. Gounaropoulos<\/p>\n\n\n\n<p>Vernissage: mercredi 16 novembre 2011, 19h00<\/p>\n\n\n\n<p>Programme du vernissage:<br>&#8211; Pr\u00e9sentation d&rsquo;un prix et deux&nbsp;distinctions aux artistes<br>&#8211; Documentaire sur Stratis Tsirkas par Takis Hatzopoulos, suivant une pr\u00e9sentation par Chryssa Prokopaki<\/p>\n\n\n\n<p>\u00c9v\u00e9nements parall\u00e8les:<br>(en grec) <\/p>\n\n\n\n<p>samedi 26 novembre<br>&#8211; 11h00:<strong> <\/strong>\u00ab\u00a0Les voix des autres. La probl\u00e9matique de <em>l&rsquo;autre<\/em> dans les <em>Cit\u00e9s \u00e0 la d\u00e9rive<\/em>\u00ab\u00a0, conf\u00e9rence par Giannis Papatheodorou (Professeur Assistant de la philologie grecque moderne, Universit\u00e9 d&rsquo;Ioannina)<br>&#8211; 12h00: Pr\u00e9sentations d&rsquo;artistes <br>&#8211; 13h00: Documentaire sur Stratis Tsirkas par Takis Hatzopoulos <\/p>\n\n\n\n<p>samedi 3 d\u00e9cembre<br>&#8211; 11h00:<strong> <\/strong>\u00ab\u00a0Les estampes ind\u00e9pendantes\u00a0\u00bb, conf\u00e9rence par Dionissia Giakoumi (historienne d&rsquo;art-conservatrice, Mus\u00e9e G. Gounaropoulos)<br>&#8211; 12h00: D\u00e9monstration de techniques de gravure par le 2e atelier des estampes de l&rsquo;\u00c9cole des Beaux-Arts d&rsquo;Ath\u00e8nes <\/p>\n\n\n\n<p>samedi 17 d\u00e9cembre<br>&#8211; 11h00:<strong> <\/strong>\u00ab\u00a0Estampes contemporains, nouvelles tendances\u00a0\u00bb, conf\u00e9rence par Vicky Tsalamata (Directrice du 2e atelier et de la section des estampes de l&rsquo;\u00c9cole des Beaux-Arts d&rsquo;Ath\u00e8nes)<br>&#8211; Projection vid\u00e9o sur le papier fait \u00e0 la main<\/p>\n","protected":false},"excerpt":{"rendered":"<p>Cit\u00e9s \u00e0 la d\u00e9rive Une exposition d&rsquo;estampes contemporaines par les [&hellip;]<\/p>\n","protected":false},"author":1,"featured_media":2308,"template":"","meta":{"_exactmetrics_skip_tracking":false,"_exactmetrics_sitenote_active":false,"_exactmetrics_sitenote_note":"","_exactmetrics_sitenote_category":0},"acf":[],"yoast_head":"<!-- This site is optimized with the Yoast SEO plugin v20.5 - https:\/\/yoast.com\/wordpress\/plugins\/seo\/ -->\n<title>100 ans depuis la naissance de Stratis Tsirkas - G. Gounaropoulos<\/title>\n<meta name=\"robots\" content=\"index, follow, max-snippet:-1, max-image-preview:large, max-video-preview:-1\" \/>\n<link rel=\"canonical\" href=\"https:\/\/gounaropoulos.gr\/fr\/exhibitions\/100-ans-depuis-la-naissance-de-stratis-tsirkas\/\" \/>\n<meta property=\"og:locale\" content=\"fr_FR\" \/>\n<meta property=\"og:type\" content=\"article\" \/>\n<meta property=\"og:title\" content=\"100 ans depuis la naissance de Stratis Tsirkas - G. Gounaropoulos\" \/>\n<meta property=\"og:description\" content=\"Cit\u00e9s \u00e0 la d\u00e9rive Une exposition d&rsquo;estampes contemporaines par les [&hellip;]\" \/>\n<meta property=\"og:url\" content=\"https:\/\/gounaropoulos.gr\/fr\/exhibitions\/100-ans-depuis-la-naissance-de-stratis-tsirkas\/\" \/>\n<meta property=\"og:site_name\" content=\"G. Gounaropoulos\" \/>\n<meta property=\"article:modified_time\" content=\"2021-10-09T12:05:13+00:00\" \/>\n<meta property=\"og:image\" content=\"https:\/\/gounaropoulos.gr\/wp-content\/uploads\/P1000346.jpg\" \/>\n\t<meta property=\"og:image:width\" content=\"1920\" \/>\n\t<meta property=\"og:image:height\" content=\"1250\" \/>\n\t<meta property=\"og:image:type\" content=\"image\/jpeg\" \/>\n<meta name=\"twitter:card\" content=\"summary_large_image\" \/>\n<meta name=\"twitter:label1\" content=\"Dur\u00e9e de lecture estim\u00e9e\" \/>\n\t<meta name=\"twitter:data1\" content=\"2 minutes\" \/>\n<script type=\"application\/ld+json\" class=\"yoast-schema-graph\">{\"@context\":\"https:\/\/schema.org\",\"@graph\":[{\"@type\":\"WebPage\",\"@id\":\"https:\/\/gounaropoulos.gr\/fr\/exhibitions\/100-ans-depuis-la-naissance-de-stratis-tsirkas\/\",\"url\":\"https:\/\/gounaropoulos.gr\/fr\/exhibitions\/100-ans-depuis-la-naissance-de-stratis-tsirkas\/\",\"name\":\"100 ans depuis la naissance de Stratis Tsirkas - G. Gounaropoulos\",\"isPartOf\":{\"@id\":\"https:\/\/gounaropoulos.gr\/#website\"},\"datePublished\":\"2011-11-16T06:17:12+00:00\",\"dateModified\":\"2021-10-09T12:05:13+00:00\",\"breadcrumb\":{\"@id\":\"https:\/\/gounaropoulos.gr\/fr\/exhibitions\/100-ans-depuis-la-naissance-de-stratis-tsirkas\/#breadcrumb\"},\"inLanguage\":\"fr-FR\",\"potentialAction\":[{\"@type\":\"ReadAction\",\"target\":[\"https:\/\/gounaropoulos.gr\/fr\/exhibitions\/100-ans-depuis-la-naissance-de-stratis-tsirkas\/\"]}]},{\"@type\":\"BreadcrumbList\",\"@id\":\"https:\/\/gounaropoulos.gr\/fr\/exhibitions\/100-ans-depuis-la-naissance-de-stratis-tsirkas\/#breadcrumb\",\"itemListElement\":[{\"@type\":\"ListItem\",\"position\":1,\"name\":\"Home\",\"item\":\"https:\/\/gounaropoulos.gr\/fr\/\"},{\"@type\":\"ListItem\",\"position\":2,\"name\":\"Exhibitions\",\"item\":\"https:\/\/gounaropoulos.gr\/exhibitions\/\"},{\"@type\":\"ListItem\",\"position\":3,\"name\":\"100 ans depuis la naissance de Stratis Tsirkas\"}]},{\"@type\":\"WebSite\",\"@id\":\"https:\/\/gounaropoulos.gr\/#website\",\"url\":\"https:\/\/gounaropoulos.gr\/\",\"name\":\"G. Gounaropoulos\",\"description\":\"Museum\",\"publisher\":{\"@id\":\"https:\/\/gounaropoulos.gr\/#organization\"},\"potentialAction\":[{\"@type\":\"SearchAction\",\"target\":{\"@type\":\"EntryPoint\",\"urlTemplate\":\"https:\/\/gounaropoulos.gr\/?s={search_term_string}\"},\"query-input\":\"required name=search_term_string\"}],\"inLanguage\":\"fr-FR\"},{\"@type\":\"Organization\",\"@id\":\"https:\/\/gounaropoulos.gr\/#organization\",\"name\":\"G. Gounaropoulos Museum\",\"url\":\"https:\/\/gounaropoulos.gr\/\",\"logo\":{\"@type\":\"ImageObject\",\"inLanguage\":\"fr-FR\",\"@id\":\"https:\/\/gounaropoulos.gr\/#\/schema\/logo\/image\/\",\"url\":\"https:\/\/gounaropoulos.gr\/wp-content\/uploads\/logo_gounaropoulos_400w.png\",\"contentUrl\":\"https:\/\/gounaropoulos.gr\/wp-content\/uploads\/logo_gounaropoulos_400w.png\",\"width\":400,\"height\":94,\"caption\":\"G. Gounaropoulos Museum\"},\"image\":{\"@id\":\"https:\/\/gounaropoulos.gr\/#\/schema\/logo\/image\/\"},\"sameAs\":[\"https:\/\/www.youtube.com\/channel\/UCPgvZz8yARvspE5YtntmpYw\"]}]}<\/script>\n<!-- \/ Yoast SEO plugin. -->","yoast_head_json":{"title":"100 ans depuis la naissance de Stratis Tsirkas - G. Gounaropoulos","robots":{"index":"index","follow":"follow","max-snippet":"max-snippet:-1","max-image-preview":"max-image-preview:large","max-video-preview":"max-video-preview:-1"},"canonical":"https:\/\/gounaropoulos.gr\/fr\/exhibitions\/100-ans-depuis-la-naissance-de-stratis-tsirkas\/","og_locale":"fr_FR","og_type":"article","og_title":"100 ans depuis la naissance de Stratis Tsirkas - G. Gounaropoulos","og_description":"Cit\u00e9s \u00e0 la d\u00e9rive Une exposition d&rsquo;estampes contemporaines par les [&hellip;]","og_url":"https:\/\/gounaropoulos.gr\/fr\/exhibitions\/100-ans-depuis-la-naissance-de-stratis-tsirkas\/","og_site_name":"G. Gounaropoulos","article_modified_time":"2021-10-09T12:05:13+00:00","og_image":[{"width":1920,"height":1250,"url":"https:\/\/gounaropoulos.gr\/wp-content\/uploads\/P1000346.jpg","type":"image\/jpeg"}],"twitter_card":"summary_large_image","twitter_misc":{"Dur\u00e9e de lecture estim\u00e9e":"2 minutes"},"schema":{"@context":"https:\/\/schema.org","@graph":[{"@type":"WebPage","@id":"https:\/\/gounaropoulos.gr\/fr\/exhibitions\/100-ans-depuis-la-naissance-de-stratis-tsirkas\/","url":"https:\/\/gounaropoulos.gr\/fr\/exhibitions\/100-ans-depuis-la-naissance-de-stratis-tsirkas\/","name":"100 ans depuis la naissance de Stratis Tsirkas - G. Gounaropoulos","isPartOf":{"@id":"https:\/\/gounaropoulos.gr\/#website"},"datePublished":"2011-11-16T06:17:12+00:00","dateModified":"2021-10-09T12:05:13+00:00","breadcrumb":{"@id":"https:\/\/gounaropoulos.gr\/fr\/exhibitions\/100-ans-depuis-la-naissance-de-stratis-tsirkas\/#breadcrumb"},"inLanguage":"fr-FR","potentialAction":[{"@type":"ReadAction","target":["https:\/\/gounaropoulos.gr\/fr\/exhibitions\/100-ans-depuis-la-naissance-de-stratis-tsirkas\/"]}]},{"@type":"BreadcrumbList","@id":"https:\/\/gounaropoulos.gr\/fr\/exhibitions\/100-ans-depuis-la-naissance-de-stratis-tsirkas\/#breadcrumb","itemListElement":[{"@type":"ListItem","position":1,"name":"Home","item":"https:\/\/gounaropoulos.gr\/fr\/"},{"@type":"ListItem","position":2,"name":"Exhibitions","item":"https:\/\/gounaropoulos.gr\/exhibitions\/"},{"@type":"ListItem","position":3,"name":"100 ans depuis la naissance de Stratis Tsirkas"}]},{"@type":"WebSite","@id":"https:\/\/gounaropoulos.gr\/#website","url":"https:\/\/gounaropoulos.gr\/","name":"G. Gounaropoulos","description":"Museum","publisher":{"@id":"https:\/\/gounaropoulos.gr\/#organization"},"potentialAction":[{"@type":"SearchAction","target":{"@type":"EntryPoint","urlTemplate":"https:\/\/gounaropoulos.gr\/?s={search_term_string}"},"query-input":"required name=search_term_string"}],"inLanguage":"fr-FR"},{"@type":"Organization","@id":"https:\/\/gounaropoulos.gr\/#organization","name":"G. Gounaropoulos Museum","url":"https:\/\/gounaropoulos.gr\/","logo":{"@type":"ImageObject","inLanguage":"fr-FR","@id":"https:\/\/gounaropoulos.gr\/#\/schema\/logo\/image\/","url":"https:\/\/gounaropoulos.gr\/wp-content\/uploads\/logo_gounaropoulos_400w.png","contentUrl":"https:\/\/gounaropoulos.gr\/wp-content\/uploads\/logo_gounaropoulos_400w.png","width":400,"height":94,"caption":"G. Gounaropoulos Museum"},"image":{"@id":"https:\/\/gounaropoulos.gr\/#\/schema\/logo\/image\/"},"sameAs":["https:\/\/www.youtube.com\/channel\/UCPgvZz8yARvspE5YtntmpYw"]}]}},"_links":{"self":[{"href":"https:\/\/gounaropoulos.gr\/fr\/wp-json\/wp\/v2\/exhibitions\/2039"}],"collection":[{"href":"https:\/\/gounaropoulos.gr\/fr\/wp-json\/wp\/v2\/exhibitions"}],"about":[{"href":"https:\/\/gounaropoulos.gr\/fr\/wp-json\/wp\/v2\/types\/exhibitions"}],"author":[{"embeddable":true,"href":"https:\/\/gounaropoulos.gr\/fr\/wp-json\/wp\/v2\/users\/1"}],"wp:featuredmedia":[{"embeddable":true,"href":"https:\/\/gounaropoulos.gr\/fr\/wp-json\/wp\/v2\/media\/2308"}],"wp:attachment":[{"href":"https:\/\/gounaropoulos.gr\/fr\/wp-json\/wp\/v2\/media?parent=2039"}],"curies":[{"name":"wp","href":"https:\/\/api.w.org\/{rel}","templated":true}]}}

<p><strong><em>Cités à la dérive</em></strong></p>



<p>Une exposition d&rsquo;estampes contemporaines par les étudiants du 2e atelier des estampes de l&rsquo;École des Beaux-Arts d&rsquo;Athènes. Les œuvres sont inspirées par la trilogie <em>Cités à la dérive</em> de l&rsquo;écrivain grec Stratis Tsirkas (1911-1980). </p>



<p>L&rsquo;exposition présente 50 estampes réalisées suivant des techniques traditionnelles, aussitôt que modernes. Les œuvres fonctionnent sur plusieurs niveaux et expriment les inquiétudes de l&rsquo;écrivain en ce qui concerne la société, la politique et l&rsquo;histoire dans un contexte humanitaire.</p>



<p>Artistes:<br>Christos Angelopoulos, Argyro Vassilakou, Konstantina Georga, Canuto Kallan, Vicky Kolipetsa, Ioanna Lianou, Fay Mitsani, Polytimi Benaki, Marina Provatidou, Dimitris Spanopoulos, Marilena Synodinou, Eleni Tsaldiri, Michel Falkonis, Panagiotis Feredinos, Myrto Feredinou, Sylvia Fessa</p>



<p>Professeure responsable: Vicky Tsalamata, Directrice du 2e atelier et de la section des estampes de l&rsquo;École des Beaux-Arts d&rsquo;Athènes<br>Commissaire de l&rsquo;exposition: Dionissia Giakoumi, historienne de l’art &#8211; conservatrice, Musée G. Gounaropoulos</p>



<p>Vernissage: mercredi 16 novembre 2011, 19h00</p>



<p>Programme du vernissage:<br>&#8211; Présentation d&rsquo;un prix et deux&nbsp;distinctions aux artistes<br>&#8211; Documentaire sur Stratis Tsirkas par Takis Hatzopoulos, suivant une présentation par Chryssa Prokopaki</p>



<p>Événements parallèles:<br>(en grec) </p>



<p>samedi 26 novembre<br>&#8211; 11h00:<strong> </strong>« Les voix des autres. La problématique de <em>l&rsquo;autre</em> dans les <em>Cités à la dérive</em>« , conférence par Giannis Papatheodorou (Professeur Assistant de la philologie grecque moderne, Université d&rsquo;Ioannina)<br>&#8211; 12h00: Présentations d&rsquo;artistes <br>&#8211; 13h00: Documentaire sur Stratis Tsirkas par Takis Hatzopoulos </p>



<p>samedi 3 décembre<br>&#8211; 11h00:<strong> </strong>« Les estampes indépendantes », conférence par Dionissia Giakoumi (historienne d&rsquo;art-conservatrice, Musée G. Gounaropoulos)<br>&#8211; 12h00: Démonstration de techniques de gravure par le 2e atelier des estampes de l&rsquo;École des Beaux-Arts d&rsquo;Athènes </p>



<p>samedi 17 décembre<br>&#8211; 11h00:<strong> </strong>« Estampes contemporains, nouvelles tendances », conférence par Vicky Tsalamata (Directrice du 2e atelier et de la section des estampes de l&rsquo;École des Beaux-Arts d&rsquo;Athènes)<br>&#8211; Projection vidéo sur le papier fait à la main</p>

<p>Cités à la dérive Une exposition d&rsquo;estampes contemporaines par les [&hellip;]</p>

<!-- This site is optimized with the Yoast SEO plugin v20.5 - https://yoast.com/wordpress/plugins/seo/ -->
<title>100 ans depuis la naissance de Stratis Tsirkas - G. Gounaropoulos</title>
<meta name="robots" content="index, follow, max-snippet:-1, max-image-preview:large, max-video-preview:-1" />
<link rel="canonical" href="https://gounaropoulos.gr/fr/exhibitions/100-ans-depuis-la-naissance-de-stratis-tsirkas/" />
<meta property="og:locale" content="fr_FR" />
<meta property="og:type" content="article" />
<meta property="og:title" content="100 ans depuis la naissance de Stratis Tsirkas - G. Gounaropoulos" />
<meta property="og:description" content="Cités à la dérive Une exposition d&rsquo;estampes contemporaines par les [&hellip;]" />
<meta property="og:url" content="https://gounaropoulos.gr/fr/exhibitions/100-ans-depuis-la-naissance-de-stratis-tsirkas/" />
<meta property="og:site_name" content="G. Gounaropoulos" />
<meta property="article:modified_time" content="2021-10-09T12:05:13+00:00" />
<meta property="og:image" content="https://gounaropoulos.gr/wp-content/uploads/P1000346.jpg" />
	<meta property="og:image:width" content="1920" />
	<meta property="og:image:height" content="1250" />
	<meta property="og:image:type" content="image/jpeg" />
<meta name="twitter:card" content="summary_large_image" />
<meta name="twitter:label1" content="Durée de lecture estimée" />
	<meta name="twitter:data1" content="2 minutes" />
<script type="application/ld+json" class="yoast-schema-graph">{"@context":"https://schema.org","@graph":[{"@type":"WebPage","@id":"https://gounaropoulos.gr/fr/exhibitions/100-ans-depuis-la-naissance-de-stratis-tsirkas/","url":"https://gounaropoulos.gr/fr/exhibitions/100-ans-depuis-la-naissance-de-stratis-tsirkas/","name":"100 ans depuis la naissance de Stratis Tsirkas - G. Gounaropoulos","isPartOf":{"@id":"https://gounaropoulos.gr/#website"},"datePublished":"2011-11-16T06:17:12+00:00","dateModified":"2021-10-09T12:05:13+00:00","breadcrumb":{"@id":"https://gounaropoulos.gr/fr/exhibitions/100-ans-depuis-la-naissance-de-stratis-tsirkas/#breadcrumb"},"inLanguage":"fr-FR","potentialAction":[{"@type":"ReadAction","target":["https://gounaropoulos.gr/fr/exhibitions/100-ans-depuis-la-naissance-de-stratis-tsirkas/"]}]},{"@type":"BreadcrumbList","@id":"https://gounaropoulos.gr/fr/exhibitions/100-ans-depuis-la-naissance-de-stratis-tsirkas/#breadcrumb","itemListElement":[{"@type":"ListItem","position":1,"name":"Home","item":"https://gounaropoulos.gr/fr/"},{"@type":"ListItem","position":2,"name":"Exhibitions","item":"https://gounaropoulos.gr/exhibitions/"},{"@type":"ListItem","position":3,"name":"100 ans depuis la naissance de Stratis Tsirkas"}]},{"@type":"WebSite","@id":"https://gounaropoulos.gr/#website","url":"https://gounaropoulos.gr/","name":"G. Gounaropoulos","description":"Museum","publisher":{"@id":"https://gounaropoulos.gr/#organization"},"potentialAction":[{"@type":"SearchAction","target":{"@type":"EntryPoint","urlTemplate":"https://gounaropoulos.gr/?s={search_term_string}"},"query-input":"required name=search_term_string"}],"inLanguage":"fr-FR"},{"@type":"Organization","@id":"https://gounaropoulos.gr/#organization","name":"G. Gounaropoulos Museum","url":"https://gounaropoulos.gr/","logo":{"@type":"ImageObject","inLanguage":"fr-FR","@id":"https://gounaropoulos.gr/#/schema/logo/image/","url":"https://gounaropoulos.gr/wp-content/uploads/logo_gounaropoulos_400w.png","contentUrl":"https://gounaropoulos.gr/wp-content/uploads/logo_gounaropoulos_400w.png","width":400,"height":94,"caption":"G. Gounaropoulos Museum"},"image":{"@id":"https://gounaropoulos.gr/#/schema/logo/image/"},"sameAs":["https://www.youtube.com/channel/UCPgvZz8yARvspE5YtntmpYw"]}]}</script>
<!-- / Yoast SEO plugin. -->

Cités à la dérive Une exposition d&rsquo;estampes contemporaines par les [&hellip;]
